{"id":19820,"date":"2023-05-09T18:55:20","date_gmt":"2023-05-09T16:55:20","guid":{"rendered":"https:\/\/europacenter.w3.totalcom.website\/servizio\/flexibility\/"},"modified":"2026-02-27T08:56:42","modified_gmt":"2026-02-27T07:56:42","slug":"flexibility","status":"publish","type":"cpt_services","link":"https:\/\/www.europacenter.it\/de\/s\/flexibility\/","title":{"rendered":"Flexibility"},"content":{"rendered":"\t\t<div data-elementor-type=\"wp-post\" data-elementor-id=\"19820\" class=\"elementor elementor-19820 elementor-19249\">\n\t\t\t\t\t\t<section class=\"elementor-section elementor-top-section elementor-element elementor-element-5486623a elementor-section-boxed elementor-section-height-default elementor-section-height-default sc_fly_static\" data-id=\"5486623a\" data-element_type=\"section\" data-e-type=\"section\">\n\t\t\t\t\t\t<div class=\"elementor-container elementor-column-gap-extended\">\n\t\t\t\t\t<div class=\"elementor-column elementor-col-100 elementor-top-column elementor-element elementor-element-50b7f5e0 sc_content_align_inherit sc_layouts_column_icons_position_left sc_fly_static\" data-id=\"50b7f5e0\" data-element_type=\"column\" data-e-type=\"column\">\n\t\t\t<div class=\"elementor-widget-wrap elementor-element-populated\">\n\t\t\t\t\t\t<div class=\"elementor-element elementor-element-3a7409a6 sc_fly_static elementor-widget elementor-widget-text-editor\" data-id=\"3a7409a6\" data-element_type=\"widget\" data-e-type=\"widget\" data-widget_type=\"text-editor.default\">\n\t\t\t\t<div class=\"elementor-widget-container\">\n\t\t\t\t\t\t\t\t\t<p>Dieser Kurs besteht aus \u00dcbungen, die die Elastizit\u00e4t und Dehnbarkeit der Muskeln (Stretching) sowie die Mobilit\u00e4t der Gelenke erh\u00f6hen, um die allgemeine K\u00f6rperflexibilit\u00e4t zu verbessern.<\/p><p>Kursleiter: <strong>Manuel Gnicchi<\/strong><\/p><p class=\"alert info\"><strong>DER KURS IST F\u00dcR DIE SAISON 2025\/2026 AUSGEBUCHT.<br>EIN ZWEITER TERMIN WIRD NUR BEI ERREICHUNG DER MINDESTTEILNEHMERZAHL VON 8 PERSONEN ANGEBOTEN!<\/strong><\/p>\t\t\t\t\t\t\t\t<\/div>\n\t\t\t\t<\/div>\n\t\t\t\t\t<\/div>\n\t\t<\/div>\n\t\t\t\t\t<\/div>\n\t\t<\/section>\n\t\t\t\t<\/div>\n\t\t","protected":false},"excerpt":{"rendered":"<p>Dieser Kurs besteht aus \u00dcbungen, die die Elastizit\u00e4t und Dehnbarkeit der Muskeln (Stretching) sowie die Mobilit\u00e4t der Gelenke erh\u00f6hen, um die allgemeine K\u00f6rperflexibilit\u00e4t zu verbessern.<\/p>\n","protected":false},"author":2,"featured_media":19254,"comment_status":"closed","ping_status":"closed","template":"","cpt_services_group":[205],"class_list":["post-19820","cpt_services","type-cpt_services","status-publish","has-post-thumbnail","hentry","cpt_services_group-reha-turnhalle"],"yoast_head":"<!-- This site is optimized with the Yoast SEO plugin v27.5 - https:\/\/yoast.com\/product\/yoast-seo-wordpress\/ -->\n<title>Flexibility - Europa Center<\/title>\n<meta name=\"robots\" content=\"index, follow, max-snippet:-1, max-image-preview:large, max-video-preview:-1\" \/>\n<link rel=\"canonical\" href=\"https:\/\/www.europacenter.it\/de\/s\/flexibility\/\" \/>\n<meta property=\"og:locale\" content=\"de_DE\" \/>\n<meta property=\"og:type\" content=\"article\" \/>\n<meta property=\"og:title\" content=\"Flexibility - Europa Center\" \/>\n<meta property=\"og:description\" content=\"Dieser Kurs besteht aus \u00dcbungen, die die Elastizit\u00e4t und Dehnbarkeit der Muskeln (Stretching) sowie die Mobilit\u00e4t der Gelenke erh\u00f6hen, um die allgemeine K\u00f6rperflexibilit\u00e4t zu verbessern.\" \/>\n<meta property=\"og:url\" content=\"https:\/\/www.europacenter.it\/de\/s\/flexibility\/\" \/>\n<meta property=\"og:site_name\" content=\"Europa Center\" \/>\n<meta property=\"article:modified_time\" content=\"2026-02-27T07:56:42+00:00\" \/>\n<meta property=\"og:image\" content=\"https:\/\/www.europacenter.it\/wp-content\/uploads\/2023\/05\/DSC_6773-scaled.jpeg\" \/>\n\t<meta property=\"og:image:width\" content=\"2560\" \/>\n\t<meta property=\"og:image:height\" content=\"1709\" \/>\n\t<meta property=\"og:image:type\" content=\"image\/jpeg\" \/>\n<meta name=\"twitter:card\" content=\"summary_large_image\" \/>\n<script type=\"application\/ld+json\" class=\"yoast-schema-graph\">{\"@context\":\"https:\\\/\\\/schema.org\",\"@graph\":[{\"@type\":\"WebPage\",\"@id\":\"https:\\\/\\\/www.europacenter.it\\\/de\\\/s\\\/flexibility\\\/\",\"url\":\"https:\\\/\\\/www.europacenter.it\\\/de\\\/s\\\/flexibility\\\/\",\"name\":\"Flexibility - Europa Center\",\"isPartOf\":{\"@id\":\"https:\\\/\\\/www.europacenter.it\\\/#website\"},\"primaryImageOfPage\":{\"@id\":\"https:\\\/\\\/www.europacenter.it\\\/de\\\/s\\\/flexibility\\\/#primaryimage\"},\"image\":{\"@id\":\"https:\\\/\\\/www.europacenter.it\\\/de\\\/s\\\/flexibility\\\/#primaryimage\"},\"thumbnailUrl\":\"https:\\\/\\\/www.europacenter.it\\\/wp-content\\\/uploads\\\/2023\\\/05\\\/DSC_6773-scaled.jpeg\",\"datePublished\":\"2023-05-09T16:55:20+00:00\",\"dateModified\":\"2026-02-27T07:56:42+00:00\",\"breadcrumb\":{\"@id\":\"https:\\\/\\\/www.europacenter.it\\\/de\\\/s\\\/flexibility\\\/#breadcrumb\"},\"inLanguage\":\"de\",\"potentialAction\":[{\"@type\":\"ReadAction\",\"target\":[\"https:\\\/\\\/www.europacenter.it\\\/de\\\/s\\\/flexibility\\\/\"]}]},{\"@type\":\"ImageObject\",\"inLanguage\":\"de\",\"@id\":\"https:\\\/\\\/www.europacenter.it\\\/de\\\/s\\\/flexibility\\\/#primaryimage\",\"url\":\"https:\\\/\\\/www.europacenter.it\\\/wp-content\\\/uploads\\\/2023\\\/05\\\/DSC_6773-scaled.jpeg\",\"contentUrl\":\"https:\\\/\\\/www.europacenter.it\\\/wp-content\\\/uploads\\\/2023\\\/05\\\/DSC_6773-scaled.jpeg\",\"width\":2560,\"height\":1709},{\"@type\":\"BreadcrumbList\",\"@id\":\"https:\\\/\\\/www.europacenter.it\\\/de\\\/s\\\/flexibility\\\/#breadcrumb\",\"itemListElement\":[{\"@type\":\"ListItem\",\"position\":1,\"name\":\"Home\",\"item\":\"https:\\\/\\\/www.europacenter.it\\\/\"},{\"@type\":\"ListItem\",\"position\":2,\"name\":\"Servizi\",\"item\":\"https:\\\/\\\/www.europacenter.it\\\/s\\\/\"},{\"@type\":\"ListItem\",\"position\":3,\"name\":\"Flexibility\"}]},{\"@type\":\"WebSite\",\"@id\":\"https:\\\/\\\/www.europacenter.it\\\/#website\",\"url\":\"https:\\\/\\\/www.europacenter.it\\\/\",\"name\":\"Europa Center\",\"description\":\"Centro di fisioterapia e riabilitazione sportiva\",\"publisher\":{\"@id\":\"https:\\\/\\\/www.europacenter.it\\\/#organization\"},\"potentialAction\":[{\"@type\":\"SearchAction\",\"target\":{\"@type\":\"EntryPoint\",\"urlTemplate\":\"https:\\\/\\\/www.europacenter.it\\\/?s={search_term_string}\"},\"query-input\":{\"@type\":\"PropertyValueSpecification\",\"valueRequired\":true,\"valueName\":\"search_term_string\"}}],\"inLanguage\":\"de\"},{\"@type\":\"Organization\",\"@id\":\"https:\\\/\\\/www.europacenter.it\\\/#organization\",\"name\":\"Europa Center\",\"url\":\"https:\\\/\\\/www.europacenter.it\\\/\",\"logo\":{\"@type\":\"ImageObject\",\"inLanguage\":\"de\",\"@id\":\"https:\\\/\\\/www.europacenter.it\\\/#\\\/schema\\\/logo\\\/image\\\/\",\"url\":\"https:\\\/\\\/www.europacenter.it\\\/wp-content\\\/uploads\\\/2023\\\/06\\\/EuropaCenter.png\",\"contentUrl\":\"https:\\\/\\\/www.europacenter.it\\\/wp-content\\\/uploads\\\/2023\\\/06\\\/EuropaCenter.png\",\"width\":1686,\"height\":888,\"caption\":\"Europa Center\"},\"image\":{\"@id\":\"https:\\\/\\\/www.europacenter.it\\\/#\\\/schema\\\/logo\\\/image\\\/\"},\"sameAs\":[\"https:\\\/\\\/www.instagram.com\\\/europacentersrl\\\/\"]}]}<\/script>\n<!-- \/ Yoast SEO plugin. -->","yoast_head_json":{"title":"Flexibility - Europa Center","robots":{"index":"index","follow":"follow","max-snippet":"max-snippet:-1","max-image-preview":"max-image-preview:large","max-video-preview":"max-video-preview:-1"},"canonical":"https:\/\/www.europacenter.it\/de\/s\/flexibility\/","og_locale":"de_DE","og_type":"article","og_title":"Flexibility - Europa Center","og_description":"Dieser Kurs besteht aus \u00dcbungen, die die Elastizit\u00e4t und Dehnbarkeit der Muskeln (Stretching) sowie die Mobilit\u00e4t der Gelenke erh\u00f6hen, um die allgemeine K\u00f6rperflexibilit\u00e4t zu verbessern.","og_url":"https:\/\/www.europacenter.it\/de\/s\/flexibility\/","og_site_name":"Europa Center","article_modified_time":"2026-02-27T07:56:42+00:00","og_image":[{"width":2560,"height":1709,"url":"https:\/\/www.europacenter.it\/wp-content\/uploads\/2023\/05\/DSC_6773-scaled.jpeg","type":"image\/jpeg"}],"twitter_card":"summary_large_image","schema":{"@context":"https:\/\/schema.org","@graph":[{"@type":"WebPage","@id":"https:\/\/www.europacenter.it\/de\/s\/flexibility\/","url":"https:\/\/www.europacenter.it\/de\/s\/flexibility\/","name":"Flexibility - Europa Center","isPartOf":{"@id":"https:\/\/www.europacenter.it\/#website"},"primaryImageOfPage":{"@id":"https:\/\/www.europacenter.it\/de\/s\/flexibility\/#primaryimage"},"image":{"@id":"https:\/\/www.europacenter.it\/de\/s\/flexibility\/#primaryimage"},"thumbnailUrl":"https:\/\/www.europacenter.it\/wp-content\/uploads\/2023\/05\/DSC_6773-scaled.jpeg","datePublished":"2023-05-09T16:55:20+00:00","dateModified":"2026-02-27T07:56:42+00:00","breadcrumb":{"@id":"https:\/\/www.europacenter.it\/de\/s\/flexibility\/#breadcrumb"},"inLanguage":"de","potentialAction":[{"@type":"ReadAction","target":["https:\/\/www.europacenter.it\/de\/s\/flexibility\/"]}]},{"@type":"ImageObject","inLanguage":"de","@id":"https:\/\/www.europacenter.it\/de\/s\/flexibility\/#primaryimage","url":"https:\/\/www.europacenter.it\/wp-content\/uploads\/2023\/05\/DSC_6773-scaled.jpeg","contentUrl":"https:\/\/www.europacenter.it\/wp-content\/uploads\/2023\/05\/DSC_6773-scaled.jpeg","width":2560,"height":1709},{"@type":"BreadcrumbList","@id":"https:\/\/www.europacenter.it\/de\/s\/flexibility\/#breadcrumb","itemListElement":[{"@type":"ListItem","position":1,"name":"Home","item":"https:\/\/www.europacenter.it\/"},{"@type":"ListItem","position":2,"name":"Servizi","item":"https:\/\/www.europacenter.it\/s\/"},{"@type":"ListItem","position":3,"name":"Flexibility"}]},{"@type":"WebSite","@id":"https:\/\/www.europacenter.it\/#website","url":"https:\/\/www.europacenter.it\/","name":"Europa Center","description":"Centro di fisioterapia e riabilitazione sportiva","publisher":{"@id":"https:\/\/www.europacenter.it\/#organization"},"potentialAction":[{"@type":"SearchAction","target":{"@type":"EntryPoint","urlTemplate":"https:\/\/www.europacenter.it\/?s={search_term_string}"},"query-input":{"@type":"PropertyValueSpecification","valueRequired":true,"valueName":"search_term_string"}}],"inLanguage":"de"},{"@type":"Organization","@id":"https:\/\/www.europacenter.it\/#organization","name":"Europa Center","url":"https:\/\/www.europacenter.it\/","logo":{"@type":"ImageObject","inLanguage":"de","@id":"https:\/\/www.europacenter.it\/#\/schema\/logo\/image\/","url":"https:\/\/www.europacenter.it\/wp-content\/uploads\/2023\/06\/EuropaCenter.png","contentUrl":"https:\/\/www.europacenter.it\/wp-content\/uploads\/2023\/06\/EuropaCenter.png","width":1686,"height":888,"caption":"Europa Center"},"image":{"@id":"https:\/\/www.europacenter.it\/#\/schema\/logo\/image\/"},"sameAs":["https:\/\/www.instagram.com\/europacentersrl\/"]}]}},"_links":{"self":[{"href":"https:\/\/www.europacenter.it\/de\/wp-json\/wp\/v2\/cpt_services\/19820","targetHints":{"allow":["GET"]}}],"collection":[{"href":"https:\/\/www.europacenter.it\/de\/wp-json\/wp\/v2\/cpt_services"}],"about":[{"href":"https:\/\/www.europacenter.it\/de\/wp-json\/wp\/v2\/types\/cpt_services"}],"author":[{"embeddable":true,"href":"https:\/\/www.europacenter.it\/de\/wp-json\/wp\/v2\/users\/2"}],"replies":[{"embeddable":true,"href":"https:\/\/www.europacenter.it\/de\/wp-json\/wp\/v2\/comments?post=19820"}],"version-history":[{"count":15,"href":"https:\/\/www.europacenter.it\/de\/wp-json\/wp\/v2\/cpt_services\/19820\/revisions"}],"predecessor-version":[{"id":21889,"href":"https:\/\/www.europacenter.it\/de\/wp-json\/wp\/v2\/cpt_services\/19820\/revisions\/21889"}],"wp:featuredmedia":[{"embeddable":true,"href":"https:\/\/www.europacenter.it\/de\/wp-json\/wp\/v2\/media\/19254"}],"wp:attachment":[{"href":"https:\/\/www.europacenter.it\/de\/wp-json\/wp\/v2\/media?parent=19820"}],"wp:term":[{"taxonomy":"cpt_services_group","embeddable":true,"href":"https:\/\/www.europacenter.it\/de\/wp-json\/wp\/v2\/cpt_services_group?post=19820"}],"curies":[{"name":"wp","href":"https:\/\/api.w.org\/{rel}","templated":true}]}}

<div data-elementor-type="wp-post" data-elementor-id="19820" class="elementor elementor-19820 elementor-19249">
						<section class="elementor-section elementor-top-section elementor-element elementor-element-5486623a elementor-section-boxed elementor-section-height-default elementor-section-height-default sc_fly_static" data-id="5486623a" data-element_type="section" data-e-type="section">
						<div class="elementor-container elementor-column-gap-extended">
					<div class="elementor-column elementor-col-100 elementor-top-column elementor-element elementor-element-50b7f5e0 sc_content_align_inherit sc_layouts_column_icons_position_left sc_fly_static" data-id="50b7f5e0" data-element_type="column" data-e-type="column">
			<div class="elementor-widget-wrap elementor-element-populated">
						<div class="elementor-element elementor-element-3a7409a6 sc_fly_static elementor-widget elementor-widget-text-editor" data-id="3a7409a6" data-element_type="widget" data-e-type="widget" data-widget_type="text-editor.default">
				<div class="elementor-widget-container">
									<p>Dieser Kurs besteht aus Übungen, die die Elastizität und Dehnbarkeit der Muskeln (Stretching) sowie die Mobilität der Gelenke erhöhen, um die allgemeine Körperflexibilität zu verbessern.</p><p>Kursleiter: <strong>Manuel Gnicchi</strong></p><p class="alert info"><strong>DER KURS IST FÜR DIE SAISON 2025/2026 AUSGEBUCHT.<br>EIN ZWEITER TERMIN WIRD NUR BEI ERREICHUNG DER MINDESTTEILNEHMERZAHL VON 8 PERSONEN ANGEBOTEN!</strong></p>								</div>
				</div>
					</div>
		</div>
					</div>
		</section>
				</div>

<p>Dieser Kurs besteht aus Übungen, die die Elastizität und Dehnbarkeit der Muskeln (Stretching) sowie die Mobilität der Gelenke erhöhen, um die allgemeine Körperflexibilität zu verbessern.</p>

<!-- This site is optimized with the Yoast SEO plugin v27.5 - https://yoast.com/product/yoast-seo-wordpress/ -->
<title>Flexibility - Europa Center</title>
<meta name="robots" content="index, follow, max-snippet:-1, max-image-preview:large, max-video-preview:-1" />
<link rel="canonical" href="https://www.europacenter.it/de/s/flexibility/" />
<meta property="og:locale" content="de_DE" />
<meta property="og:type" content="article" />
<meta property="og:title" content="Flexibility - Europa Center" />
<meta property="og:description" content="Dieser Kurs besteht aus Übungen, die die Elastizität und Dehnbarkeit der Muskeln (Stretching) sowie die Mobilität der Gelenke erhöhen, um die allgemeine Körperflexibilität zu verbessern." />
<meta property="og:url" content="https://www.europacenter.it/de/s/flexibility/" />
<meta property="og:site_name" content="Europa Center" />
<meta property="article:modified_time" content="2026-02-27T07:56:42+00:00" />
<meta property="og:image" content="https://www.europacenter.it/wp-content/uploads/2023/05/DSC_6773-scaled.jpeg" />
	<meta property="og:image:width" content="2560" />
	<meta property="og:image:height" content="1709" />
	<meta property="og:image:type" content="image/jpeg" />
<meta name="twitter:card" content="summary_large_image" />
<script type="application/ld+json" class="yoast-schema-graph">{"@context":"https:\/\/schema.org","@graph":[{"@type":"WebPage","@id":"https:\/\/www.europacenter.it\/de\/s\/flexibility\/","url":"https:\/\/www.europacenter.it\/de\/s\/flexibility\/","name":"Flexibility - Europa Center","isPartOf":{"@id":"https:\/\/www.europacenter.it\/#website"},"primaryImageOfPage":{"@id":"https:\/\/www.europacenter.it\/de\/s\/flexibility\/#primaryimage"},"image":{"@id":"https:\/\/www.europacenter.it\/de\/s\/flexibility\/#primaryimage"},"thumbnailUrl":"https:\/\/www.europacenter.it\/wp-content\/uploads\/2023\/05\/DSC_6773-scaled.jpeg","datePublished":"2023-05-09T16:55:20+00:00","dateModified":"2026-02-27T07:56:42+00:00","breadcrumb":{"@id":"https:\/\/www.europacenter.it\/de\/s\/flexibility\/#breadcrumb"},"inLanguage":"de","potentialAction":[{"@type":"ReadAction","target":["https:\/\/www.europacenter.it\/de\/s\/flexibility\/"]}]},{"@type":"ImageObject","inLanguage":"de","@id":"https:\/\/www.europacenter.it\/de\/s\/flexibility\/#primaryimage","url":"https:\/\/www.europacenter.it\/wp-content\/uploads\/2023\/05\/DSC_6773-scaled.jpeg","contentUrl":"https:\/\/www.europacenter.it\/wp-content\/uploads\/2023\/05\/DSC_6773-scaled.jpeg","width":2560,"height":1709},{"@type":"BreadcrumbList","@id":"https:\/\/www.europacenter.it\/de\/s\/flexibility\/#breadcrumb","itemListElement":[{"@type":"ListItem","position":1,"name":"Home","item":"https:\/\/www.europacenter.it\/"},{"@type":"ListItem","position":2,"name":"Servizi","item":"https:\/\/www.europacenter.it\/s\/"},{"@type":"ListItem","position":3,"name":"Flexibility"}]},{"@type":"WebSite","@id":"https:\/\/www.europacenter.it\/#website","url":"https:\/\/www.europacenter.it\/","name":"Europa Center","description":"Centro di fisioterapia e riabilitazione sportiva","publisher":{"@id":"https:\/\/www.europacenter.it\/#organization"},"potentialAction":[{"@type":"SearchAction","target":{"@type":"EntryPoint","urlTemplate":"https:\/\/www.europacenter.it\/?s={search_term_string}"},"query-input":{"@type":"PropertyValueSpecification","valueRequired":true,"valueName":"search_term_string"}}],"inLanguage":"de"},{"@type":"Organization","@id":"https:\/\/www.europacenter.it\/#organization","name":"Europa Center","url":"https:\/\/www.europacenter.it\/","logo":{"@type":"ImageObject","inLanguage":"de","@id":"https:\/\/www.europacenter.it\/#\/schema\/logo\/image\/","url":"https:\/\/www.europacenter.it\/wp-content\/uploads\/2023\/06\/EuropaCenter.png","contentUrl":"https:\/\/www.europacenter.it\/wp-content\/uploads\/2023\/06\/EuropaCenter.png","width":1686,"height":888,"caption":"Europa Center"},"image":{"@id":"https:\/\/www.europacenter.it\/#\/schema\/logo\/image\/"},"sameAs":["https:\/\/www.instagram.com\/europacentersrl\/"]}]}</script>
<!-- / Yoast SEO plugin. -->

Dieser Kurs besteht aus Übungen, die die Elastizität und Dehnbarkeit der Muskeln (Stretching) sowie die Mobilität der Gelenke erhöhen, um die allgemeine Körperflexibilität zu verbessern.
